. What is the highest common factor of y and o?
3
Let b(s) = 2*s**2 + 46*s + 11. Let n be b(-23). Suppose 3*u = -12, 10*u - 37 = -v + n*u. Calculate the greatest common divisor of v and 11.
11
Let u(z) = 3*z**3 + 5*z**2 + 3. Let x be u(-3). Let n = 36 + x. What is the highest common divisor of 17 and n?
1
Let o be 8 + ((-18)/(-24) - 22/8). Let n(s) = -s**3 + 7*s**2 + 11*s - 2. Let h be n(o). What is the greatest common factor of h and 20?
20
Suppose 13*p + 5*y = 11*p + 1, -y = p - 8. Calculate the highest common factor of p and 10400.
13
Suppose -2123*t - 564 = -2126*t - 3*o, 2*t + 3*o - 384 = 0. Calculate the greatest common factor of 1680 and t.
60
Let k be 1*(3 + -4)*0. Suppose -2*z = -k - 4. Suppose -2 = x - 1, z*f - 5 = x. Calculate the greatest common factor of f and 6.
2
Let n = 101 + -90. Suppose 0 = -n*x + 7*x + 48. Suppose 0 = -3*d - 9 + 57. What is the highest common divisor of x and d?
4
Let l(j) = 2*j**3 + 19*j**2 - j + 22. Suppose 37 = -s + 29. Let x be l(s). What is the greatest common divisor of 6 and x?
6
Suppose i - 1987 = -1918. What is the greatest common divisor of i and 1357?
23
Let f(v) = 9*v**2 - 38*v - 90. Let b be f(6). What is the greatest common factor of 282 and b?
6
Let n = 148 + -74. Suppose -4*i - 2*p = 432 + n, -p = -3*i - 392. Let o = i + 137. What is the greatest common divisor of 2 and o?
2
Suppose 39*h - 74 = 4. Suppose -h*o - 5*w = -35, 4*w = -w - 25. What is the greatest common divisor of o and 2?
2
Let i(p) = p + 3. Let v be i(5). Suppose 3*a = 3 - 0, v = -5*x - 2*a. Let d(t) = -2*t + 14. Let s be d(x). What is the greatest common divisor of s and 270?
18
Let l(w) = 67*w**2 - 11*w + 2. Let z be l(-1). Let y be (196 + z)/((-2)/(-3)). What is the highest common divisor of y and 23?
23
Suppose 0*a - 5 = -b + a, 5 = -a. Suppose b*h - 5*h - 20 = 0, 0 = -4*d - 3*h + 500. Calculate the highest common factor of d and 24.
8
Let f(q) = -8*q - 100. Let h be f(-13). Suppose 3*l - 4*b = 1365, 2*l = h*l - 2*b - 910. Calculate the highest common divisor of l and 35.
35
Suppose -16*s = v - 15*s - 195, 4*v - s = 780. Suppose 2*y + 4*i = 7*y - v, -2*y + 78 = 2*i. Calculate the highest common divisor of y and 12.
3
Suppose 2*m + 22 = 2*w + 5*m, w + 4*m = 11. Suppose -20 = w*o - 15*o. Suppose b = -v + 11, -o*v + 3*v + 17 = b. What is the greatest common factor of v and 2?
2
Let n = -31959 - -32071. Calculate the greatest common divisor of n and 1918.
14
Let s = -829 + 838. What is the highest common factor of s and 546?
3
Let o(i) = i**2 - 40*i + 215. Let l be o(35). Calculate the greatest common factor of 10610 and l.
10
Suppose 0 = -91*w + 189018 + 283154 + 18409. What is the greatest common divisor of 9 and w?
9
Suppose -z + 0*z + 20 = 0. Let k be (4 - (4 + 0)) + 5 - 4. Let f(d) = 101*d**2 + d - 2. Let i be f(k). What is the greatest common factor of z and i?
20
Let f(l) = 12*l**3 + 19*l**3 - 30*l**3 + 53. Let k be f(0). Suppose -3*z + k = y, y + 5 = z - 14. Calculate the greatest common factor of 9 and z.
9
Suppose 295704 = -18*q + 42*q. Calculate the greatest common divisor of q and 37.
37
Let s(k) = k**3 + 49*k**2 + 31*k + 238. Let n be s(-48). Let q(l) = 2*l**2 + 5*l - 8. Let o be q(-6). Calculate the greatest common divisor of n and o.
34
Suppose -174 = j - 2022. Let z be ((-3)/2)/((-36)/j). Calculate the greatest common factor of 11 and z.
11
Let w be 3/(-4 + (-597)/(-147)). Suppose -4*i + w = 9. Let c(b) = -4*b**3 - 7*b**2 + 13*b + 18. Let a be c(-4). What is the highest common divisor of i and a?
10
Suppose 154 = -20*n + 178 + 192 + 84. Let d be 55/(((-2)/1)/(-2)). What is the highest common factor of n and d?
5
Let u(q) = -q**3 - 7*q**2 + 6*q - 7. Let g be u(-8). Let c(x) = x**3 + 11*x**2 + 5*x + 1. Let o be c(-8). What is the greatest common divisor of o and g?
9
Suppose -3*a = 3*c - 5*c + 367, -5*c = -2*a - 923. Suppose o - c + 10 = 0. What is the highest common divisor of o and 25?
25
Suppose 4*v = -2*r + 1000, r - 901 - 103 = -4*v. Suppose 3*l + v = 5*f + 43, f - 46 = 2*l. Calculate the greatest common divisor of 800 and f.
40
Let b(i) = 71*i + 1153. Let h be b(-16). Calculate the highest common factor of 6664 and h.
17
Suppose -150*a + 157*a - 33929 = 0. Calculate the greatest common divisor of a and 74.
37
Let l = 2906 + -2866. Calculate the highest common divisor of 76 and l.
4
Let s(l) = -118 - 72*l + 228 - 130 + 11*l**2 + l**3. Let c be s(-15). Calculate the highest common divisor of 80 and c.
80
Suppose 5*b - 4*h - 327 = 0, -3*b - 12*h + 15*h = -195. What is the greatest common factor of 4288 and b?
67
Suppose 5*k + 2547 = 2*h + 262, -3*k = -5*h + 1371. Let g = k - -469. Calculate the highest common divisor of g and 52.
4
Suppose -w = -2*o + 40, -11*w + 32 = 2*o - 10*w. Let c = 7 + -4. Let x be 2*282/4 + c. Calculate the highest common factor of o and x.
18
Suppose -5*u - q + 3*q = -364, -2*u + 2*q = -154. Let b = 88 - 46. Calculate the highest common factor of b and u.
14
Let n be (-7)/(63/(-6))*285/10. Suppose -15*i + 11 + n = 0. Suppose f + 64 = 4*v, -5*v + 107 - 27 = 2*f. Calculate the greatest common divisor of i and v.
2
Let x = 26700 + -26646. Let z be (-1 - (-3 - 0)) + 250. Calculate the greatest common factor of z and x.
18
Suppose -11*t - t + 36 = 0. Let w(y) = 2*y**3 - y**t + 45*y - 43*y + 3. Let s be w(3). What is the greatest common factor of s and 54?
18
Suppose -47*y + 4725 = -20*y. What is the greatest common divisor of y and 805?
35
Let h(q) be the first derivative of 4*q**2 - 13*q - 3. Let v be h(6). Calculate the greatest common divisor of 665 and v.
35
Let c be 10/((-275)/(-274) - 1). Suppose q + c = 6*q. Let m be (-5)/15 + q/6 + -3. What is the greatest common divisor of m and 11?
11
Suppose p - 4 = -2*k, 0*p - 2*p = 2*k - 4. Let d be ((-1320)/200)/(k/(-20)). What is the highest common factor of 11 and d?
11
Let u = 3161 + -2876. Calculate the greatest common factor of 15 and u.
15
Let x(s) = -2*s - 4. Suppose -6 = 5*t + 9. Let b be x(t). Let l be (-75)/(-65) - (-24)/(-156). What is the greatest common divisor of b and l?
1
Let m(a) = a + 3. Let k be m(11). Suppose -k = -3*g - 17. Let r be 18 - (-5 + g)*2/3. Calculate the greatest common divisor of r and 55.
11
Let c be 3/(1*-3) - 8. Let n(l) = l - 7. Let z(g) = -g + 23. Let b(r) = -5*n(r) - 2*z(r). Let o be b(c). Calculate the greatest common divisor of 80 and o.
16
Suppose 973*b - 38 = 971*b. Suppose 14*o = 11*o + 2451. What is the highest common divisor of o and b?
19
Let u be 4 + 8/(-2) + 7 + -1. Let t(p) = 47*p**2 - 2*p - 6. Let d be t(-2). Calculate the greatest common divisor of d and u.
6
Let o = 76 + -43. Let c = 109 - 192. Let s = c - -182. What is the highest common factor of s and o?
33
Let h be (5 - (-145)/(-25))/(2/(-5)). Let g(z) = -5*z**3 + 3*z + 2. Let q be g(-1). Suppose 2*j + h = q. Calculate the greatest common factor of 1 and j.
1
Let i be (-12)/(-15) - (-1323028)/(-560)*(-3 + -1). Calculate the highest common factor of i and 13.
13
Let f(z) = 2*z**2 - 2*z. Let k = -59 - -63. Let h be f(k). Let p = 6 + h. What is the greatest common factor of p and 105?
15
Let q be (260/8)/13*(-48)/(-20). What is the highest common divisor of 1842 and q?
6
Suppose 0 = 184*t - 243*t - 4731 + 18891. Calculate the highest common divisor of t and 5680.
80
Let h be ((-1098)/4)/(1/(-6)). What is the highest common divisor of h and 244?
61
Let u(b) = -b**3 - 2*b**2 + b - 46. Let y be u(-5). Calculate the highest common factor of y and 84.
12
Let y = -631 - -668. Let l = 327 + y. Calculate the highest common divisor of 273 and l.
91
Let s = -27581 + 27607. Calculate the greatest common factor of s and 2769.
13
Suppose 4*v + 5*w - 75 = -0*w, w = -v + 19. Let m(j) = -8*j - 1 + 17*j - 2*j - 2*j - j**2. Let x be m(3). What is the greatest common divisor of v and x?
5
Let k = 9656 + -9654. What is the greatest common divisor of 181 and k?
1
Let n(p) = -224*p + 3791. Let y be n(7). What is the highest common factor of 114 and y?
57
Let v = -35 - -38. Suppose -4*z = 3*h - 2*z - 8, -v*z = h - 12. Suppose 4*u - 3*g - 7 - 34 = h, 2*g = u - 14. What is the highest common factor of 64 and u?
8
Suppose 2*t - 205 = -3*g - 0*g, 4*g + 460 = 4*t. Suppose -568 = -22*k - 420 + 1062. Calculate the highest common factor of k and t.
55
Let x = 62 + -54